{"id":304,"date":"2015-12-05T11:18:31","date_gmt":"2015-12-05T10:18:31","guid":{"rendered":"http:\/\/ie-burmester.de\/?page_id=304"},"modified":"2020-03-08T09:43:33","modified_gmt":"2020-03-08T08:43:33","slug":"die-produkte","status":"publish","type":"page","link":"https:\/\/ie-burmester.de\/?page_id=304","title":{"rendered":"Die Produkte"},"content":{"rendered":"<p>Unsere Produkte werden aufwendig aus hochwertigen Edelstahl V2A\u00a0 (1.4301) \/ AISI304 gefertigt und nach den geltenden Normen und DIN\/EN Vorschriften der EU hergestellt. Wir\u00a0 und folgen den Regeln f\u00fcr Gel\u00e4nder \/ Br\u00fcstungen \/ Absturzsicherungen im privaten Einsatzbereich und k\u00f6nnen bei Bedarf auch eine Systemstatik beistellen.<\/p>\n<p><a href=\"https:\/\/ie-burmester.de\/wp-content\/uploads\/2015\/12\/Zeichnung.jpg\"><img loading=\"lazy\" decoding=\"async\" class=\"wp-image-314 alignleft\" src=\"https:\/\/ie-burmester.de\/wp-content\/uploads\/2015\/12\/Zeichnung-190x300.jpg\" alt=\"Zeichnung\" width=\"201\" height=\"317\" srcset=\"https:\/\/ie-burmester.de\/wp-content\/uploads\/2015\/12\/Zeichnung-190x300.jpg 190w, https:\/\/ie-burmester.de\/wp-content\/uploads\/2015\/12\/Zeichnung-649x1024.jpg 649w, https:\/\/ie-burmester.de\/wp-content\/uploads\/2015\/12\/Zeichnung.jpg 1448w\" sizes=\"auto, (max-width: 201px) 100vw, 201px\" \/><\/a>\u00a0\u00a0<a href=\"https:\/\/ie-burmester.de\/wp-content\/uploads\/2015\/12\/4.2-Pfosten.jpeg\"><img loading=\"lazy\" decoding=\"async\" class=\"size-medium wp-image-313 alignright\" src=\"https:\/\/ie-burmester.de\/wp-content\/uploads\/2015\/12\/4.2-Pfosten-300x225.jpeg\" alt=\"4.2-Pfosten\" width=\"300\" height=\"225\" srcset=\"https:\/\/ie-burmester.de\/wp-content\/uploads\/2015\/12\/4.2-Pfosten-300x225.jpeg 300w, https:\/\/ie-burmester.de\/wp-content\/uploads\/2015\/12\/4.2-Pfosten.jpeg 640w\" sizes=\"auto, (max-width: 300px) 100vw, 300px\" \/><\/a><br \/>\nEs handelt sich hierbei um ein auf dem Markt einzigartiges Stecksystem.<br \/>\nDie stabile Verbindung wird mittels <u>nicht<\/u> sichtbarer Madenschrauben hergestellt. Nat\u00fcrlich kann auch verschwei\u00dft werden. Je Feld kann die Aufbaul\u00e4nge um \u00b1 31mm variieren. Dies hat den Vorteil, dass Zwischenma\u00dfe leicht hergestellt werden k\u00f6nnen und Ungenauigkeiten bei der Montage ausgleichbar sind. Die Aufbauzeit f\u00fcr 10m mit zwei Personen betr\u00e4gt nur ca.30 Min. (ohne Bohrungen f\u00fcr Boden oder Wand)<\/p>\n<p><strong>Liefergr\u00f6\u00dfen:<\/strong><br \/>\nWir fertigen unsere Stecksysteme in verschiedenen H\u00f6hen.<\/p>\n<ul>\n<li>Barriere mit 800mm gro\u00dfen Feldern mit Handlauf 1081mm (ohne Handlauf 944mm),<\/li>\n<li>Barriere mit 600mm gro\u00dfen Feldern mit Handlauf 881mm (ohne Handlauf 744mm),<\/li>\n<li>Barriere mit 400mm gro\u00dfen Feldern mit Handlauf 681mm (ohne Handlauf 544mm)<\/li>\n<\/ul>\n<p><a href=\"https:\/\/ie-burmester.de\/wp-content\/uploads\/2015\/12\/5.0-Pfosten-Wandanschluss.jpeg\"><img loading=\"lazy\" decoding=\"async\" class=\"alignnone wp-image-309\" src=\"https:\/\/ie-burmester.de\/wp-content\/uploads\/2015\/12\/5.0-Pfosten-Wandanschluss-300x225.jpeg\" alt=\"5.0-Pfosten Wandanschluss\" width=\"215\" height=\"161\" srcset=\"https:\/\/ie-burmester.de\/wp-content\/uploads\/2015\/12\/5.0-Pfosten-Wandanschluss-300x225.jpeg 300w, https:\/\/ie-burmester.de\/wp-content\/uploads\/2015\/12\/5.0-Pfosten-Wandanschluss.jpeg 640w\" sizes=\"auto, (max-width: 215px) 100vw, 215px\" \/><\/a>\u00a0<a href=\"https:\/\/ie-burmester.de\/wp-content\/uploads\/2015\/12\/4.4-Pfosten.jpeg\"><img loading=\"lazy\" decoding=\"async\" class=\"alignnone wp-image-310\" src=\"https:\/\/ie-burmester.de\/wp-content\/uploads\/2015\/12\/4.4-Pfosten-300x225.jpeg\" alt=\"4.4-Pfosten\" width=\"217\" height=\"162\" srcset=\"https:\/\/ie-burmester.de\/wp-content\/uploads\/2015\/12\/4.4-Pfosten-300x225.jpeg 300w, https:\/\/ie-burmester.de\/wp-content\/uploads\/2015\/12\/4.4-Pfosten.jpeg 640w\" sizes=\"auto, (max-width: 217px) 100vw, 217px\" \/><\/a><\/p>\n<p>Wir fertigen zehn verschiedene Feldgr\u00f6\u00dfen, welche sich jeweils um 130mm verringern.<br \/>\nSomit erreichen wir Abst\u00e4nde zwischen den Pfosten von:<br \/>\n1,67m, 1,54m, 1,41m, 1,28m, 1,15m, 1,02m, 0,89m, 0,76m, 0,63m und 0,50m. (je \u00b1 31mm)<br \/>\nDas Eckfeld \u00fcberbr\u00fcckt beidseitig 0,40m (je \u00b1 15mm). Sondergr\u00f6\u00dfen sind m\u00f6glich.<\/p>\n<p>Mit unserem Stecksystem erreichen wir ab 1,0m jedes Ma\u00df, leichte Anpassungsarbeiten sind m\u00f6glich und ab einem Bestellwert von 2.000,- Euro inklusive.<\/p>\n<p>Pfosten sind f\u00fcr Boden- sowie \u00a0f\u00fcr Wandbefestigung und unterseitige Montage lieferbar. Weiterhin sind Wandanschlussst\u00fccke f\u00fcr den Handlauf und auch f\u00fcr die Felder verf\u00fcgbar. Auch Tore k\u00f6nnen direkt an die Wand gebaut werden.<\/p>\n<p><strong>Materialst\u00e4rken:<\/strong><br \/>\nDie Pfosten sind aus stabilen 50,8mm x 2mm Edelstahl V2A \/ AISI304 Rohren gefertigt.<br \/>\nDer Rahmen der Felder besteht aus 31,75mm x 1,5mm und der Handlauf aus 38,1mm x 1,5mm Rohren. Die F\u00fcllst\u00e4be sind aus 12,7mm x 1,5mm Rohr hergestellt.<\/p>\n<p><strong>Material:<\/strong><br \/>\nEdelstahl V2A \/ AISI304 mit Abnahmen nach EN10204 \/ 3.1 zum Einsatz in Industrie und Konstruktion<\/p>\n<p><strong>Statik f\u00fcr Gel\u00e4nderbau.<br \/>\n<\/strong>Die Beistellung einer Systemstatik ist m\u00f6glich.<\/p>\n<p>In Unser System integriert k\u00f6nnen wir Ihnen auch Tore und Doppeltore anbieten.<\/p>\n<p>Pfosten sind mit Boden- als auch f\u00fcr Wandbefestigung, sowie zum Einbetoniren\u00a0 lieferbar und sind den Feldh\u00f6hen angepasst. Weiterhin sind Wandanschlussst\u00fccke f\u00fcr den Handlauf als auch f\u00fcr die Felder verf\u00fcgbar.<\/p>\n<p><strong>H\u00e4ndleranfragen sind erw\u00fcnscht.<\/strong><\/p>\n<p><strong>Sonderfertigungen sind m\u00f6glich, dies sind z.B. Sichtschutzw\u00e4nde, Eingangstore oder Hoftore.<\/strong><\/p>\n<p><strong>\u00a0<\/strong><\/p>\n<p><strong>Lieferzeit:<br \/>\n<\/strong>Ab zwei Wochen, \u00a0je nach Typ und Menge variierend.<br \/>\nAnfragen erw\u00fcnscht.<\/p>\n<p>Tel.: +49(0)2043\/59614<br \/>\noder ch.burmester@ie-burmester.de<\/p>\n","protected":false},"excerpt":{"rendered":"<p>Unsere Produkte werden aufwendig aus hochwertigen Edelstahl V2A\u00a0 (1.4301) \/ AISI304 gefertigt und nach den geltenden Normen und DIN\/EN Vorschriften der EU hergestellt. Wir\u00a0 und folgen den Regeln f\u00fcr Gel\u00e4nder \/ Br\u00fcstungen \/ Absturzsicherungen im privaten Einsatzbereich und k\u00f6nnen bei Bedarf auch eine Systemstatik beistellen. \u00a0\u00a0 Es handelt sich hierbei um ein auf dem Markt &hellip; <a href=\"https:\/\/ie-burmester.de\/?page_id=304\" class=\"more-link\"><span class=\"screen-reader-text\">Die Produkte<\/span> weiterlesen <span class=\"meta-nav\">&rarr;<\/span><\/a><\/p>\n","protected":false},"author":1,"featured_media":308,"parent":0,"menu_order":1,"comment_status":"closed","ping_status":"closed","template":"page-templates\/full-width.php","meta":{"footnotes":""},"class_list":["post-304","page","type-page","status-publish","has-post-thumbnail","hentry"],"yoast_head":"<!-- This site is optimized with the Yoast SEO plugin v27.4 - https:\/\/yoast.com\/product\/yoast-seo-wordpress\/ -->\n<title>Die Produkte - Gesch\u00e4ftsidee<\/title>\n<meta name=\"robots\" content=\"index, follow, max-snippet:-1, max-image-preview:large, max-video-preview:-1\" \/>\n<link rel=\"canonical\" href=\"http:\/\/ie-burmester.de\/?page_id=304\" \/>\n<meta property=\"og:locale\" content=\"de_DE\" \/>\n<meta property=\"og:type\" content=\"article\" \/>\n<meta property=\"og:title\" content=\"Die Produkte - Gesch\u00e4ftsidee\" \/>\n<meta property=\"og:description\" content=\"Unsere Produkte werden aufwendig aus hochwertigen Edelstahl V2A\u00a0 (1.4301) \/ AISI304 gefertigt und nach den geltenden Normen und DIN\/EN Vorschriften der EU hergestellt. Wir\u00a0 und folgen den Regeln f\u00fcr Gel\u00e4nder \/ Br\u00fcstungen \/ Absturzsicherungen im privaten Einsatzbereich und k\u00f6nnen bei Bedarf auch eine Systemstatik beistellen. \u00a0\u00a0 Es handelt sich hierbei um ein auf dem Markt &hellip; Die Produkte weiterlesen &rarr;\" \/>\n<meta property=\"og:url\" content=\"http:\/\/ie-burmester.de\/?page_id=304\" \/>\n<meta property=\"og:site_name\" content=\"Gesch\u00e4ftsidee\" \/>\n<meta property=\"article:modified_time\" content=\"2020-03-08T08:43:33+00:00\" \/>\n<meta property=\"og:image\" content=\"http:\/\/ie-burmester.de\/wp-content\/uploads\/2015\/12\/5.1-Pfosten-Gesamt.jpeg\" \/>\n\t<meta property=\"og:image:width\" content=\"640\" \/>\n\t<meta property=\"og:image:height\" content=\"480\" \/>\n\t<meta property=\"og:image:type\" content=\"image\/jpeg\" \/>\n<meta name=\"twitter:label1\" content=\"Gesch\u00e4tzte Lesezeit\" \/>\n\t<meta name=\"twitter:data1\" content=\"2\u00a0Minuten\" \/>\n<script type=\"application\/ld+json\" class=\"yoast-schema-graph\">{\"@context\":\"https:\\\/\\\/schema.org\",\"@graph\":[{\"@type\":\"WebPage\",\"@id\":\"http:\\\/\\\/ie-burmester.de\\\/?page_id=304\",\"url\":\"http:\\\/\\\/ie-burmester.de\\\/?page_id=304\",\"name\":\"Die Produkte - Gesch\u00e4ftsidee\",\"isPartOf\":{\"@id\":\"http:\\\/\\\/ie-burmester.de\\\/#website\"},\"primaryImageOfPage\":{\"@id\":\"http:\\\/\\\/ie-burmester.de\\\/?page_id=304#primaryimage\"},\"image\":{\"@id\":\"http:\\\/\\\/ie-burmester.de\\\/?page_id=304#primaryimage\"},\"thumbnailUrl\":\"https:\\\/\\\/ie-burmester.de\\\/wp-content\\\/uploads\\\/2015\\\/12\\\/5.1-Pfosten-Gesamt.jpeg\",\"datePublished\":\"2015-12-05T10:18:31+00:00\",\"dateModified\":\"2020-03-08T08:43:33+00:00\",\"breadcrumb\":{\"@id\":\"http:\\\/\\\/ie-burmester.de\\\/?page_id=304#breadcrumb\"},\"inLanguage\":\"de\",\"potentialAction\":[{\"@type\":\"ReadAction\",\"target\":[\"http:\\\/\\\/ie-burmester.de\\\/?page_id=304\"]}]},{\"@type\":\"ImageObject\",\"inLanguage\":\"de\",\"@id\":\"http:\\\/\\\/ie-burmester.de\\\/?page_id=304#primaryimage\",\"url\":\"https:\\\/\\\/ie-burmester.de\\\/wp-content\\\/uploads\\\/2015\\\/12\\\/5.1-Pfosten-Gesamt.jpeg\",\"contentUrl\":\"https:\\\/\\\/ie-burmester.de\\\/wp-content\\\/uploads\\\/2015\\\/12\\\/5.1-Pfosten-Gesamt.jpeg\",\"width\":640,\"height\":480},{\"@type\":\"BreadcrumbList\",\"@id\":\"http:\\\/\\\/ie-burmester.de\\\/?page_id=304#breadcrumb\",\"itemListElement\":[{\"@type\":\"ListItem\",\"position\":1,\"name\":\"Home\",\"item\":\"http:\\\/\\\/ie-burmester.de\\\/\"},{\"@type\":\"ListItem\",\"position\":2,\"name\":\"Die Produkte\"}]},{\"@type\":\"WebSite\",\"@id\":\"http:\\\/\\\/ie-burmester.de\\\/#website\",\"url\":\"http:\\\/\\\/ie-burmester.de\\\/\",\"name\":\"Gesch\u00e4ftsidee\",\"description\":\"Startseite\",\"potentialAction\":[{\"@type\":\"SearchAction\",\"target\":{\"@type\":\"EntryPoint\",\"urlTemplate\":\"http:\\\/\\\/ie-burmester.de\\\/?s={search_term_string}\"},\"query-input\":{\"@type\":\"PropertyValueSpecification\",\"valueRequired\":true,\"valueName\":\"search_term_string\"}}],\"inLanguage\":\"de\"}]}<\/script>\n<!-- \/ Yoast SEO plugin. -->","yoast_head_json":{"title":"Die Produkte - Gesch\u00e4ftsidee","robots":{"index":"index","follow":"follow","max-snippet":"max-snippet:-1","max-image-preview":"max-image-preview:large","max-video-preview":"max-video-preview:-1"},"canonical":"http:\/\/ie-burmester.de\/?page_id=304","og_locale":"de_DE","og_type":"article","og_title":"Die Produkte - Gesch\u00e4ftsidee","og_description":"Unsere Produkte werden aufwendig aus hochwertigen Edelstahl V2A\u00a0 (1.4301) \/ AISI304 gefertigt und nach den geltenden Normen und DIN\/EN Vorschriften der EU hergestellt. Wir\u00a0 und folgen den Regeln f\u00fcr Gel\u00e4nder \/ Br\u00fcstungen \/ Absturzsicherungen im privaten Einsatzbereich und k\u00f6nnen bei Bedarf auch eine Systemstatik beistellen. \u00a0\u00a0 Es handelt sich hierbei um ein auf dem Markt &hellip; Die Produkte weiterlesen &rarr;","og_url":"http:\/\/ie-burmester.de\/?page_id=304","og_site_name":"Gesch\u00e4ftsidee","article_modified_time":"2020-03-08T08:43:33+00:00","og_image":[{"width":640,"height":480,"url":"http:\/\/ie-burmester.de\/wp-content\/uploads\/2015\/12\/5.1-Pfosten-Gesamt.jpeg","type":"image\/jpeg"}],"twitter_misc":{"Gesch\u00e4tzte Lesezeit":"2\u00a0Minuten"},"schema":{"@context":"https:\/\/schema.org","@graph":[{"@type":"WebPage","@id":"http:\/\/ie-burmester.de\/?page_id=304","url":"http:\/\/ie-burmester.de\/?page_id=304","name":"Die Produkte - Gesch\u00e4ftsidee","isPartOf":{"@id":"http:\/\/ie-burmester.de\/#website"},"primaryImageOfPage":{"@id":"http:\/\/ie-burmester.de\/?page_id=304#primaryimage"},"image":{"@id":"http:\/\/ie-burmester.de\/?page_id=304#primaryimage"},"thumbnailUrl":"https:\/\/ie-burmester.de\/wp-content\/uploads\/2015\/12\/5.1-Pfosten-Gesamt.jpeg","datePublished":"2015-12-05T10:18:31+00:00","dateModified":"2020-03-08T08:43:33+00:00","breadcrumb":{"@id":"http:\/\/ie-burmester.de\/?page_id=304#breadcrumb"},"inLanguage":"de","potentialAction":[{"@type":"ReadAction","target":["http:\/\/ie-burmester.de\/?page_id=304"]}]},{"@type":"ImageObject","inLanguage":"de","@id":"http:\/\/ie-burmester.de\/?page_id=304#primaryimage","url":"https:\/\/ie-burmester.de\/wp-content\/uploads\/2015\/12\/5.1-Pfosten-Gesamt.jpeg","contentUrl":"https:\/\/ie-burmester.de\/wp-content\/uploads\/2015\/12\/5.1-Pfosten-Gesamt.jpeg","width":640,"height":480},{"@type":"BreadcrumbList","@id":"http:\/\/ie-burmester.de\/?page_id=304#breadcrumb","itemListElement":[{"@type":"ListItem","position":1,"name":"Home","item":"http:\/\/ie-burmester.de\/"},{"@type":"ListItem","position":2,"name":"Die Produkte"}]},{"@type":"WebSite","@id":"http:\/\/ie-burmester.de\/#website","url":"http:\/\/ie-burmester.de\/","name":"Gesch\u00e4ftsidee","description":"Startseite","potentialAction":[{"@type":"SearchAction","target":{"@type":"EntryPoint","urlTemplate":"http:\/\/ie-burmester.de\/?s={search_term_string}"},"query-input":{"@type":"PropertyValueSpecification","valueRequired":true,"valueName":"search_term_string"}}],"inLanguage":"de"}]}},"_links":{"self":[{"href":"https:\/\/ie-burmester.de\/index.php?rest_route=\/wp\/v2\/pages\/304","targetHints":{"allow":["GET"]}}],"collection":[{"href":"https:\/\/ie-burmester.de\/index.php?rest_route=\/wp\/v2\/pages"}],"about":[{"href":"https:\/\/ie-burmester.de\/index.php?rest_route=\/wp\/v2\/types\/page"}],"author":[{"embeddable":true,"href":"https:\/\/ie-burmester.de\/index.php?rest_route=\/wp\/v2\/users\/1"}],"replies":[{"embeddable":true,"href":"https:\/\/ie-burmester.de\/index.php?rest_route=%2Fwp%2Fv2%2Fcomments&post=304"}],"version-history":[{"count":25,"href":"https:\/\/ie-burmester.de\/index.php?rest_route=\/wp\/v2\/pages\/304\/revisions"}],"predecessor-version":[{"id":796,"href":"https:\/\/ie-burmester.de\/index.php?rest_route=\/wp\/v2\/pages\/304\/revisions\/796"}],"wp:featuredmedia":[{"embeddable":true,"href":"https:\/\/ie-burmester.de\/index.php?rest_route=\/wp\/v2\/media\/308"}],"wp:attachment":[{"href":"https:\/\/ie-burmester.de\/index.php?rest_route=%2Fwp%2Fv2%2Fmedia&parent=304"}],"curies":[{"name":"wp","href":"https:\/\/api.w.org\/{rel}","templated":true}]}}